s 18912523 a composite number?
True
Is 4665989 prime?
False
Is 9625643 a prime number?
True
Is 12520397 prime?
False
Is 6211367 a prime number?
True
Is 45373147 composite?
False
Is 9269413 composite?
False
Is 1210354 composite?
True
Is 3591649 a prime number?
True
Is 9800719 a prime number?
False
Is 37597147 prime?
False
Is 5369713 a prime number?
True
Is 285301 composite?
False
Is 405138229 prime?
True
Is 18686849 a prime number?
True
Is 3038987 prime?
False
Is 63801929 a prime number?
True
Is 83005687 composite?
False
Is 268904807 prime?
True
Is 153176011 a composite number?
False
Is 1425791 composite?
False
Is 18794023 prime?
True
Is 308650889 composite?
True
Is 8633633 a prime number?
True
Is 10320017 a composite number?
True
Is 8473457 composite?
False
Is 938321 composite?
True
Is 4333829 prime?
True
Is 3112609 a prime number?
True
Is 655164743 a prime number?
False
Is 38219017 a composite number?
True
Is 523717 a composite number?
False
Is 1372783 composite?
True
Is 212678791 a prime number?
False
Is 6532849 prime?
True
Is 26491991 a composite number?
True
Is 4572671 a prime number?
True
Is 2956867 composite?
True
Is 2378053 a prime number?
False
Is 16742273 a composite number?
False
Is 6740707 a prime number?
True
Is 20084119 composite?
True
Is 16285649 a prime number?
True
Is 142325593 a composite number?
False
Is 36070511 composite?
False
Is 93956827 a composite number?
False
Is 5931967 composite?
False
Is 51943561 composite?
True
Is 284238437 prime?
False
Is 135827 composite?
True
Is 72413879 prime?
True
Is 307967 prime?
False
Is 392166059 a prime number?
True
Is 927601 prime?
False
Is 22196479 composite?
False
Is 640037 prime?
False
Is 19640921 prime?
True
Is 27004409 composite?
True
Is 28920803 composite?
False
Is 153896323 a composite number?
True
Is 1190131 a prime number?
False
Is 79130501 prime?
True
Is 169824089 prime?
False
Is 12353437 a prime number?
True
Is 7488437 composite?
True
Is 18570691 a composite number?
True
Is 64147607 composite?
False
Is 301025701 a composite number?
False
Is 34375771 a prime number?
True
Is 26303807 a composite number?
False
Is 136805177 a prime number?
True
Is 19764839 prime?
True
Is 1309795 a prime number?
False
Is 140359 composite?
True
Is 99638243 a prime number?
True
Is 27869449 prime?
False
Is 71999 prime?
True
Is 945523 a composite number?
True
Is 4791295 a composite number?
True
Is 404099 composite?
False
Is 152014009 composite?
True
Is 1323223 a prime number?
False
Is 1357333 composite?
False
Is 2356001 a prime number?
True
Is 87309071 a composite number?
True
Is 20428669 prime?
False
Is 423581 a prime number?
True
Is 2857609 a prime number?
True
Is 10993265 composite?
True
Is 2589991 a prime number?
True
Is 210878171 composite?
True
Is 59644491 a prime number?
False
Is 29368051 a composite number?
False
Is 1397806 composite?
True
Is 11974295 a prime number?
False
Is 7211503 composite?
True
Is 7008959 prime?
False
Is 5573293 prime?
False
Is 7207217 composite?
True
Is 3551659 composite?
True
Is 49927939 a composite number?
True
Is 67106797 a composite number?
False
Is 317321 a prime number?
True
Is 4136497 composite?
False
Is 999491 prime?
True
Is 974003 composite?
False
Is 7105139 a composite number?
True
Is 70208993 a composite number?
False
Is 320956249 prime?
False
Is 17372065 a composite number?
True
Is 1784171 a prime number?
True
Is 2462119 a composite number?
True
Is 904147 prime?
True
Is 34716679 composite?
False
Is 3333999 composite?
True
Is 28816027 composite?
True
Is 709381 a composite number?
False
Is 17102149 prime?
False
Is 11931973 prime?
False
Is 20009113 a composite number?
False
Is 5055319 prime?
True
Is 8464241 a prime number?
True
Is 121055057 a composite number?
False
Is 370119799 composite?
True
Is 4829907 a prime number?
False
Is 22677511 prime?
True
Is 532507 a prime number?
False
Is 42667949 a composite number?
False
Is 7834817 prime?
True
Is 597855493 composite?
False
Is 74604137 composite?
True
Is 447839 composite?
True
Is 69898971 composite?
True
Is 4672907 a composite number?
False
Is 300389933 a prime number?
True
Is 63967 composite?
True
Is 41033093 composite?
False
Is 37541041 prime?
True
Is 371145757 a prime number?
False
Is 3319703 prime?
True
Is 15137993 a prime number?
False
Is 199003537 a prime number?
False
Is 453295 a prime number?
False
Is 822061 a composite number?
True
Is 671059 composite?
False
Is 10963 a prime number?
False
Is 5879919 composite?
True
Is 265102673 prime?
False
Is 2374213 a prime number?
True
Is 18303953 a composite number?
True
Is 2317067 a composite number?
False
Is 2729917 composite?
False
Is 16822227 a composite number?
True
Is 2549119 composite?
False
Is 123008419 a prime number?
True
Is 76323571 prime?
False
Is 21223331 composite?
True
Is 4970969 a prime number?
True
Is 1442783 composite?
False
Is 309107791 prime?
True
Is 639647 a prime number?
True
Is 169151729 composite?
True
Is 4918939 a prime number?
False
Is 351457 a composite number?
False
Is 256417627 composite?
True
Is 38340247 prime?
False
Is 185093 a composite number?
True
Is 1630501 a prime number?
True
Is 36288769 a composite number?
True
Is 27578513 a prime number?
False
Is 4338359 a prime number?
False
Is 49922567 a composite number?
False
Is 218385821 a composite number?
False
Is 25878179 a prime number?
False
Is 42160891 a prime number?
False
Is 216354709 composite?
False
Is 643896397 a composite number?
False
Is 242409 composite?
True
Is 921201 a composite number?
True
Is 5942647 a composite number?
False
Is 619781 composite?
True
Is 27423037 prime?
False
Is 280057693 composite?
False
Is 1618117 composite?
True
Is 34973383 composite?
False
Is 260311295 a prime number?
False
Is 11144383 a composite number?
False
Is 291559 prime?
True
Is 94487681 composite?
True
Is 85526981 prime?
False
Is 106594021 a composite number?
True
Is 217288453 prime?
True
Is 26886943 a prime number?
True
Is 142237577 composite?
True
Is 3029561 composite?
False
Is 2188145 composite?
True
Is 35705181 composite?
True
Is 7287277 a prime number?
True
Is 335315521 a composite number?
False
Is 156926009 a composite number?
False
Is 219798905 composite?
True
Is 1313393 a prime number?
False
Is 160627163 composite?
True
Is 879029 composite?
True
Is 18249149 prime?
False
Is 6089033 composite?
True
Is 473511241 a composite number?
True
Is 11809453 a composite number?
False
Is 1764034 a prime number?
False
Is 14814329 prime?
True
Is 157494871 composite?
False
Is 354845 a composite number?
True
Is 157411 a composite number?
False
Is 16761413 a composite number?
False
Is 243379 prime?
False
Is 32024903 prime?
False
Is 28929401 composite?
True
Is 46419598 a prime number?
False
Is 8880842 a composite number?
True
Is 190007 composite?
True
Is 2835650509 a composite number?
False
Is 10800293 a prime number?
False
Is 27286669 prime?
True
Is 20920001 prime?
False
Is 702467569 prime?
False
Is 356504611 prime?
False
Is 71913477 a composite number?
True
Is 1130475473 prime?
True
Is 4633051 composite?
True
Is 19660213 prime?
True
Is 21713435 composite?
True
Is 4205219 prime?
True
Is 24660619 a prime number?
False
Is 1401679 a composite number?
False
Is 187107031 prime?
False
Is 1783981 a prime number?
True
Is 719101 prime?
True
Is 49870453 prime?
False
Is 4159763 composite?
True
Is 953187479 a prime number?
True
Is 30143777 a composite number?
True
Is 102781961 a composite number?
False
Is 11400827 a prime number?
True
Is 416253371 prime?
True
Is 3533753 a composite number?
True
Is 28494779 prime?
True
Is 4416941 a composite number?
True
Is 540895 composite?
True
Is 7734343 composite?
True
Is 15553241 prime?
False
Is 2030947 prime?
True
Is 570144371 prime?
False
Is 29122277 prime?
True
Is 437629 prime?
True
Is 156008051 composite?
False
Is 366119 a prime number?
False
Is 28647607 a prime number?
False
Is 30305953 a composite number?
True
Is 83043347 a prime number?
True
Is 51266353 prime?
False
Is 84358297 a composite number?
False
Is 44740171 composite?
True
Is 32056907 prime?
True
Is 2712818 a prime number?
False
Is 965273 prime?
False
Is 81686641 a prime number?
False
Is 7547069 prime?
False
Is 33607663 prime?
True
Is 10862743 a prime number?
False
Is 94754353 prime?
False
Is 71291 a composite num